emainder when 6 is divided by i.
2
Let h(x) be the first derivative of 5*x**3/3 - 5*x**2/2 + x + 5. Calculate the remainder when h(4) is divided by 21.
19
Suppose -3*z = -6 - 0. Suppose -o = -3*w + 4, z*o + 2*w - 32 = -o. Calculate the remainder when 14 is divided by o.
6
Let u = 36 - -35. Calculate the remainder when u is divided by 36.
35
Suppose -3 - 29 = 4*p. Suppose 6*l - 15 = l. Let b = l - p. What is the remainder when 31 is divided by b?
9
Suppose n + 2 = -5*a - 11, -4*n - 5*a = 22. Let z = n - -22. What is the remainder when z is divided by 5?
4
Suppose -4*a - 31 = -255. Calculate the remainder when a is divided by 19.
18
Let o(m) = -m**2 - 9*m - 4. Calculate the remainder when 40 is divided by o(-6).
12
Let u(w) = w**2 + 4*w + 9. What is the remainder when 53 is divided by u(-4)?
8
Suppose -2*l - l - 3 = -c, 2*l + 2 = -5*c. Calculate the remainder when -1*2 + 12 + c is divided by 6.
4
Let c(m) = 2*m**2 + 2*m - 4. Calculate the remainder when (-95)/1*((-16)/(-10) + -2) is divided by c(3).
18
Suppose -8 = 2*v + 2. Let y = 11 - v. Suppose -t - 18 = -3*t. What is the remainder when y is divided by t?
7
Let k(x) = -2*x**2 - 5*x - 3. Let l be k(-3). Let j = l - -24. Suppose -6 = d - 16. What is the remainder when j is divided by d?
8
Suppose 0 = -2*d + y + 45 - 9, 3*d + 3*y - 54 = 0. Calculate the remainder when 33 is divided by d.
15
Let h = 1085 - 724. Calculate the remainder when h is divided by 52.
49
Suppose -2*f = 3*f - 10. Let s(p) = 6*p**2 - p**2 - f*p - 5 - 4*p**2. Calculate the remainder when 18 is divided by s(5).
8
Let d = 56 + -46. What is the remainder when 35 is divided by d?
5
Suppose -3*y = 3*l - 78, 2*l - 130 = -3*l - 2*y. Calculate the remainder when 77 is divided by l.
25
Let l = -9 - -10. What is the remainder when 1 is divided by l?
0
Let h(d) = 3*d + 1. Suppose -5*o + 4*f + 46 = 1, 0 = -5*f. Calculate the remainder when o is divided by h(1).
1
Suppose 3*l - 33 = -0*l. What is the remainder when ((-8)/10)/(-2) - 1491/(-35) is divided by l?
10
Let n = -6 - 38. Calculate the remainder when 5 is divided by ((-11)/n)/(2/24).
2
Suppose 12 + 24 = 3*v + 3*n, -2*v = 5*n - 27. Calculate the remainder when 65 is divided by v.
10
Let u(t) = -t**3 + 5*t**2 - 4*t + 4. Let p be u(3). Suppose 0 = 5*c + p, 0 = -0*q + q + 4*c + 11. Let w = q + 5. What is the remainder when w is divided by 1?
0
Suppose 0*w = -5*w. Suppose 6*f = -5*j + f + 50, w = -j + 2*f + 19. What is the remainder when j is divided by 8?
5
Let w = -23 - -36. Calculate the remainder when 50 is divided by w.
11
Suppose -3*j + 57 = 12. Calculate the remainder when j is divided by 5.
0
Let h(n) = 5*n**2 + 3*n + 1. Let j be (4/(-6))/(6/27). Let g = -6 - j. What is the remainder when h(g) is divided by 13?
11
Let t(r) = 3*r**2 + 4*r + 3. What is the remainder when 13 is divided by t(-2)?
6
Calculate the remainder when 15 is divided by (-4 - -2)*(-12 + 8).
7
Let a(o) = 2*o**2 + 4*o - 13. What is the remainder when a(-9) is divided by 29?
26
Let y(n) be the first derivative of -n**4/4 - n**3 - n**2 + n + 5. What is the remainder when 19 is divided by y(-3)?
5
Suppose -16 = -5*p - 6. Suppose 5 - 9 = -4*x. Calculate the remainder when p is divided by x.
0
Let r = -78 + 101. Calculate the remainder when 51 is divided by r.
5
Suppose -t = 16 - 22. What is the remainder when 21 is divided by t?
3
Let w(o) = o**2 - 13*o + 16. Calculate the remainder when w(12) is divided by 2.
0
Suppose 0*w - 2*w = 10. Let j = w + 18. Calculate the remainder when j is divided by 7.
6
Let i(r) = -r**2 + 13*r - 19. What is the remainder when 41 is divided by i(10)?
8
Suppose -20 = 4*u, -u + 2*u = 4*r - 61. Calculate the remainder when 53 is divided by r.
11
Let q(j) = -j**2 - 7*j - 8. Let i be q(-7). Let n = -6 - i. Suppose 0 = 5*w, 4*w + 9 = 3*m + n*w. Calculate the remainder when 7 is divided by m.
1
Suppose 3*o - 49 = 14. Suppose c = 17 + 22. Calculate the remainder when c is divided by o.
18
Let y = 0 - -3. Let n(i) = -9*i**y - 45*i**3 + 1 - 3*i**3. What is the remainder when n(-1) is divided by 20?
18
Suppose 156 = -0*h + 3*h. Let o = 83 - h. Let l(i) = -i**2 - 8*i - 1. What is the remainder when o is divided by l(-6)?
9
Let f = 21 - -2. Calculate the remainder when 66 is divided by f.
20
Let n(q) = 2*q - 3. Let w be n(-2). Let m = w + 9. What is the remainder when 11 is divided by m?
1
Let h(a) = -a**3 + 5*a**3 - 3*a**3 + 7. Calculate the remainder when 12 is divided by h(0).
5
Let u = 88 - 35. What is the remainder when u is divided by (-72)/(-3 - 1) - 0?
17
Let l = 176 - 18. What is the remainder when l is divided by 20?
18
What is the remainder when 4/(-1) - (-19 - 31) is divided by 16?
14
Suppose 6*g - 2*g = -4*t + 56, -2 = -g + 2*t. What is the remainder when g is divided by 6?
4
Suppose -t + 765 = 8*t. Calculate the remainder when t is divided by 29.
27
Suppose -c + 2 + 15 = 0. Suppose 3*z + c = 2*r - 2, -32 = -r - 3*z. Calculate the remainder when 49 is divided by r.
15
Suppose -15 - 15 = -q - 2*s, 0 = 5*q - 2*s - 162. Let x be 48/(-10) - 3/15. Let w = q + x. What is the remainder when w is divided by 14?
13
Suppose 0 = -14*g - 340 + 2636. What is the remainder when g is divided by 15?
14
Let m be (-6)/(-3*(-1)/6). Let d = -7 - m. Suppose 5 = 3*g + 5*c - 6, 45 = 5*g - d*c. Calculate the remainder when 19 is divided by g.
5
Let t(q) = q**3 - 11*q**2 + 13*q + 12. Suppose -12 = 2*y - 32. What is the remainder when t(y) is divided by 15?
12
Let p(s) = -s**2 + 10*s - 6. Let c(m) = -2*m - 4. Let k be c(-4). Let x be p(k). Suppose -3*a - x = -6*a. Calculate the remainder when 11 is divided by a.
5
Let y = -14 + 29. Calculate the remainder when 72 is divided by y.
12
What is the remainder when 53 is divided by 2 + -6 - (-39)/3?
8
Let f(s) = s**2 + 5*s + 5. What is the remainder when f(-8) is divided by 10?
9
Let w = -127 - -145. Calculate the remainder when 159 is divided by w.
15
Let z(l) = -l**2 + l + 4. Let t be z(0). Let b(o) = 2*o**2 - 5*o - 2. Calculate the remainder when 28 is divided by b(t).
8
Suppose t = -4 + 11. Let z(l) = -l**2 - 4*l - 1. What is the remainder when t is divided by z(-3)?
1
Suppose -5*u - 2*s - 2*s = -726, -2*u - 5*s + 287 = 0. Calculate the remainder when u is divided by 37.
35
Let i(f) = -6*f**2 - f + 1. Let z be i(1). Calculate the remainder when 12/(-5)*15/z is divided by 4.
2
Let k(z) = z**3 + 7*z**2 - 6*z - 3. Calculate the remainder when 114 is divided by k(-7).
36
What is the remainder when 63 is divided by -2*((-260)/(-8))/(-5)?
11
Let w be 8*3/6 - 0. Suppose -3*a - 4 = k, w*k + 0*k + 34 = -3*a. Let z = 20 + k. Calculate the remainder when 18 is divided by z.
8
Let q(y) = 2*y**2 + y + 1. Let l be q(-3). Suppose -f - 4*i + l = 0, -4*i - 26 = -2*f - 6*i. What is the remainder when f is divided by ((-14)/2)/((-1)/1)?
5
Let m be (-42)/(-8) - (-3)/4. Let s(b) = b**2 - 4*b - 5. Calculate the remainder when 20 is divided by s(m).
6
Suppose -12*y + 493 + 215 = 0. Calculate the remainder when 290 is divided by y.
54
Let m(p) = 2*p**2 + p + 1. Let f(b) = -b**3 - 2*b**2 - b + 1. Let q be f(-2). Let c be m(q). Let n = -10 + c. Calculate the remainder when 34 is divided by n.
10
Let n(g) = -g**3 + 10*g**2 + 1. What is the remainder when 5 is divided by n(10)?
0
Suppose -5*r + 6*r = 28. What is the remainder when 110 is divided by r?
26
Suppose 1012 = 12*o + 10*o. Calculate the remainder when o is divided by 8.
6
Let n(b) = 0 + 2*b - 3*b - 1. Let x = 59 - 42. What is the remainder when x is divided by n(-10)?
8
Let h = -14 - -67. What is the remainder when h is divided by 28?
25
Let f = 17 + 5. Let o = f + -4. What is the remainder when 39/2*(-16)/(-6) is divided by o?
16
Suppose -2*f - 66 = -4*f. Calculate the remainder when 63 is divided by f.
30
Let q be (-2)/6 - (-60)/(-9). Let u be 60/14 - (-2)/q. Suppose 0 = 2*r - u + 2. What is the remainder when r is divided by 1?
0
Let a = -3 + 1. Let u = 3 - a. Calculate the remainder when u is divided by 3.
2
Suppose w + 10 = -0*w. Let a(t) = 12*t - 5. Let l be a(-5). Let p = w - l. Calculate the remainder when p is divided by 19.
17
Suppose -3*t + 12 = -2*t. Suppose 0 = 3*k - 0*k - 27. Let r = -2 + k. Calculate the remainder when t is divided by r.
5
Let f(g) = -6*g**3 + g. Let q be f(-3). Suppose 3*m = 5*x - 381, 0*m - q